 + (0 - 304) + -3)*-1. Let i = 1107 - r. Is i prime?
True
Let x be (5 - 6) + -31 + -1 + -3. Is (-5)/((-45)/x) - -10065 a prime number?
True
Suppose 2534285 = 29*i + 137928. Is i a composite number?
False
Suppose 0 = -5*f - 36*z + 40*z + 3382513, 5*z = -10. Is f a composite number?
True
Let w be (1 - 2019)*(1 + 1). Suppose -5*f - 3*f - 2*f = 0. Is -3*(f + w/12) composite?
False
Suppose 15*a + 2569 = y - 1417, -5*a - 16109 = -4*y. Is y a composite number?
True
Let u(f) = -f**2 - 6*f - 9. Let k be u(-4). Let n be (k - 1)*56/16. Let x(o) = -8*o**3 - 9*o**2 + 9*o + 5. Is x(n) a composite number?
True
Is (-3820513714)/(-3856) - (-2 - (-34)/16) a prime number?
True
Let j(i) = 15*i + 189. Let c(a) = -3*a - 38. Let t(w) = -11*c(w) - 2*j(w). Let g be t(-16). Is (g/(-16))/(2/4852) a composite number?
False
Let o(t) = -47*t - 57. Let q be o(-3). Suppose 89*p - 80285 = q*p. Is p prime?
True
Let s be 2*(-6)/30*5. Is (1 - (-1)/s)/(39/1376934) a prime number?
False
Let n = -14166 + 22627. Is n a prime number?
True
Let g = 2204 - -2046. Let a = g + 9609. Is a a prime number?
True
Let s(u) = 2*u. Let r(o) = 348*o + 13. Let c(t) = r(t) - 2*s(t). Is c(9) a prime number?
True
Let f(k) = -24*k + 952. Let i be f(40). Suppose -3*q + 2*m = -24067, q - 5*m - 24055 = -2*q. Is (-8)/((-160)/q) + 2/i a composite number?
False
Suppose -280065 + 461976 = 29*m - 713290. Is m a prime number?
True
Let d = -86931 + 147790. Is d a prime number?
True
Let t = 12195 - 6998. Is t a prime number?
True
Let f = 114 + -109. Let k(m) = 695*m + 16. Is k(f) composite?
False
Let k = -1020 + 1050. Suppose -k*b - 31*b = -992897. Is b prime?
False
Let w(b) = -11616*b + 2491. Is w(-55) prime?
True
Let k(a) be the third derivative of 13*a**5/60 + 3*a**4/8 - 5*a**3/2 - a**2. Suppose 12*o = 12 - 108. Is k(o) a composite number?
True
Let x(r) = -48*r + 8. Let v(h) = -49*h + 7. Let a(p) = -6*v(p) + 4*x(p). Let l be a(3). Let b = l - 43. Is b prime?
False
Let p(g) = 11*g**2 - 11*g - 19. Let d be p(-13). Let w = 14498 - d. Is w a composite number?
True
Let p = -649 - 185. Let i = 4912 + p. Is i a composite number?
True
Let o be -131 - (1 + -2)*1. Let p = o + 18. Let b = -23 - p. Is b composite?
False
Let m(x) be the second derivative of 49*x**4/2 - 19*x**3/6 + 11*x**2 + 64*x - 1. Is m(9) a prime number?
False
Let y(j) = j**2 + 8*j - 13. Let g be y(-11). Is -3 - (-74*g - 1/1) prime?
False
Suppose 7*d - 18*d + 88 = 0. Suppose -12*t + 20140 = d*t. Is t composite?
True
Let h(b) = b**3 - 7*b**2 + 4*b + 13. Let a be h(6). Let g(v) be the first derivative of 1363*v**3/3 - 2*v + 12. Is g(a) composite?
False
Let z(c) = 4 - c + 404*c**2 - 2*c + 236*c**2. Is z(3) a composite number?
True
Suppose 0*l = 3*r - 5*l - 40, 5*r + l = 20. Is (r + -2)*5703/9 prime?
True
Suppose 2*g = 4 + 6. Let k(t) = -127*t - 35. Let v be k(-1). Is g - -28*1*v composite?
True
Suppose -u - k - 10 = 0, -5*u - k - 48 = 3*k. Let s be (u/(-10))/((-34)/(-85)). Suppose 0 = 5*j - 5, s*m - 637 = m - 2*j. Is m composite?
True
Let y(d) = 7*d**3 - 37 + 26*d + d**2 - 3*d**3 - 5*d**3 - 17*d. Is y(-6) a composite number?
True
Let v(r) = -7*r - 20. Let l(m) = 3*m + 10. Let o(c) = 9*l(c) + 4*v(c). Let w be o(3). Suppose 0 = -w*t + 11*t - 8620. Is t prime?
False
Let g = -510115 + 961128. Suppose 45*f = -g + 4850708. Is f a composite number?
False
Is (-8)/((-16)/67714) + 14 a composite number?
False
Let a = 45 - 53. Is (-47205)/(-60) + (-2)/a composite?
False
Let j be (1071 - 6)*(-7 - -4). Let u = 2296 - j. Let m = u + -3758. Is m prime?
True
Suppose 41*j - 53*j + 2661605 = -5987311. Is j composite?
False
Let f(v) = 64*v + 8*v**3 + 17 - 7*v**2 - 28*v - 5*v**2 - 31*v. Let p be f(6). Let s = p - 846. Is s prime?
False
Suppose 25*s + 17*s - 514633 = 5*s. Is s prime?
False
Let h be 90 - 16/4 - 2*1. Let w = h + -63. Is 24531/12 - w/(-28) prime?
False
Let a(n) = -n**3 - 26*n**2 - 4*n - 50. Let v(j) = 2*j**3 - 23*j**2 + 27*j + 3. Let u be v(10). Is a(u) prime?
True
Let l = -36226 - -86805. Is l composite?
True
Let v(n) be the first derivative of 7*n**3/3 - 6*n**2 + 14*n + 769. Let b(t) = t**2 + 5*t - 8. Let j be b(-7). Is v(j) prime?
False
Let o(r) = 5*r**2 - 155*r + 31. Is o(-87) composite?
False
Suppose 4*s - 10656 = -2*s. Let c be (-8)/20 + (-5977)/(-5). Let f = s - c. Is f prime?
False
Let b be 119/17 - (-9)/(-3). Suppose -82 = 5*r - 4*u - 523, -3*u = -b*r + 352. Is r a composite number?
True
Is 19721212/678 - 5/(-3) composite?
True
Let h(p) = 72*p + 93. Let r(d) = -d**3 + 3*d**2 - d + 3. Let q be r(2). Is h(q) composite?
True
Let t(q) = 3239*q - 31. Let s be t(-1). Is 5*(s - -5)/5*-1 a composite number?
True
Suppose 0 = -3*k - 3 - 21. Let w be ((-16)/10)/(k/5140). Let f = w - 337. Is f a prime number?
True
Let f = 118 - 116. Suppose 2111 = 5*u + g, 4*u + f*g - 2112 = -u. Is 4/((-2)/u*-2) a prime number?
False
Let i(y) = -165 - 5*y - 9*y**2 - 2*y**3 + y**3 + 10*y**2 + 1158. Is i(0) a prime number?
False
Let d be ((-16370)/(-3))/(150/225). Is (-3 + d)*(2 + -1) composite?
True
Suppose 34*o + 15197050 = -21*o. Is o/(-40) - (2 + (-5)/4) prime?
True
Let t(z) = 7*z**3 + 2*z - 1. Let a be t(1). Let k(g) = -g**3 + 8*g**2 - g + 9. Let f be k(a). Is -3 + (4 - (-292)/f) a composite number?
False
Let s(d) be the third derivative of -d**6/120 + d**5/10 - d**4/6 + d**3/6 + 23*d**2. Let z be s(5). Is 2/(-3)*z*103/(-4) composite?
False
Let t(o) = -1259*o - 41. Let n be t(-12). Let p = 9653 - n. Is (p/4)/((-1)/2) a prime number?
True
Let w = 273 - 271. Is (w/(-6))/(24524/6132 - 4) a composite number?
True
Suppose 0*a + a + x = -361, 0 = 5*a + 2*x + 1793. Let d = 6058 - a. Is d a prime number?
False
Let b(j) = -99081*j + 190. Is b(-1) a prime number?
False
Let t(h) = h**3 + 9*h**2 + 3*h - 4. Suppose -5*u + 3*a = 2, a = -3*u + 6 + 4. Let i be (u/(-2))/(((-6)/54)/1). Is t(i) composite?
False
Let d be (-10)/(-1)*(3 - 21/5). Let h be ((-4)/5)/(d/7890). Suppose -6*o - h = -8*o. Is o a composite number?
False
Suppose -5 = 8*i - 13*i. Let q = 3 + i. Suppose 0 - 1 = g, -q*g + 451 = 5*n. Is n a prime number?
False
Let o(r) = -2*r - 11. Let j be o(-5). Let x be j/(2*4/(-248)). Suppose -26*p - 1025 = -x*p. Is p a prime number?
False
Let g = -23 + 14. Let v be (-1 + g/(-5))/(6/(-15)). Let j(o) = -o**3 + 2*o**2 - 4*o - 5. Is j(v) composite?
False
Let b = -140680 + 200115. Is b a prime number?
False
Let o = -138299 + 243594. Is o prime?
False
Let x = -727 - -389. Let k = 176 + x. Is k*(1 + -2) - 1 prime?
False
Let a = -98 - -101. Suppose -3*d + 2832 = -2*d + n, 0 = -a*d - 4*n + 8492. Suppose 13*f + d = 17*f. Is f a prime number?
True
Is ((-182)/2093 - (270/69 + -1)) + 169820 composite?
False
Let q(x) = -283*x + 64. Suppose 0 = 6*r - 1 - 41. Let o(v) = 94*v - 21. Let k(z) = r*o(z) + 2*q(z). Is k(15) prime?
True
Let j(c) = -5*c + 2. Let k be j(-1). Suppose 0*o - k*o = 0. Suppose -4*d + d = o, a - 4*d - 743 = 0. Is a a prime number?
True
Suppose 8117 = -p + g, 6561 + 17782 = -3*p - g. Let k = 652 - p. Is k prime?
False
Let n(d) = -d**3 - 3*d**2 - 2*d + 12. Let z be n(-5). Suppose 9*g - z = 3*g. Let l(a) = 114*a - 7. Is l(g) a prime number?
True
Is (-10730 - -1)*1/((-945)/(-237) + -4) prime?
False
Let p(s) = 1713*s**2 - 5. Let o(y) = 857*y**2 - 3. Let v(i) = -11*o(i) + 6*p(i). Is v(2) composite?
False
Let c be (-1)/((11/(-2) - -2) + 3). Let i be (-6)/c*14*(-7)/(-21). Is 1/(-3 + i/(-4)) a composite number?
False
Let n(a) = 29*a**2 + 363*a - 77. Is n(-36) prime?
True
Suppose w - 3655 = r, -3266 - 409 = -w - 4*r. Suppose -3*t - w = -4*b + 2652, t + 1 = 0. Is b prime?
False
Suppose 2*y + 7456 = -2*y. Let m be 312/52*(14/4 + 1). Is (4 - m/6)*y/2 a prime number?
False
Let o = -10056 + 80615. Is o composite?
True
Let q(g) = g**3 + 7*g**2 + 2*g - 5. Let v be 0 + 3 - (-10 - 8). Suppose v + 4 = -5*d. Is q(d) a prime number?
False
Let q = 33 + -33. Suppose q*v - 2*v = -6. Suppose 0 = -6*d - v*d + 1953. Is d prime?
False
Suppose -8*o + o = -35. Suppose -15 = 4*q - 5*p, -5*q + 6*q - o*p = -15. Is (2 - -218 - 0) + q + 3 prime?
True
Let i(v) be the first derivative of -9/2*v**2 - 7*v + 29 + 5*v**3. Is i(-6) a composite number?
False
Let t(u) = -u**2 + 0*u - 5 - 3 - 5*u + 4. Let h be t(-2). Suppose 0 = 3*r + 3*q - 2862, -2*r + r = h*q - 949. Is r a prime number?
False
Suppose -4*g + 178 = 4*m + 62, 5*m + 